ppose -26*i = 4*o - 22*i - 212, 2*i + 279 = 5*o. What is the remainder when o is divided by 10?
5
Suppose 0 = d - 23 - 47. Suppose 0*s - 38 = -2*l - 2*s, -3*s = -3*l + 51. What is the remainder when d is divided by l?
16
Let m = -133 - -255. Let r = 84 - 53. Calculate the remainder when m is divided by r.
29
Let m be 9/3 - (-12)/3. Let s(g) = 0 + 1 + 2 + g. What is the remainder when 38 is divided by s(m)?
8
Let s be ((-24)/5)/(24/(-3680)). Calculate the remainder when 8/(-56) + s/7 is divided by 18.
15
Suppose 40 - 6 = 5*c + m, 0 = 5*m - 20. Suppose 2*r - 2*k = 22 + 16, 0 = 4*r - k - 76. What is the remainder when r is divided by c?
1
Calculate the remainder when 107 is divided by (-448)/(-12) + 4/(-12).
33
Suppose 100 + 110 = 5*m + z, -42 = -m + z. Calculate the remainder when 333 is divided by m.
39
Let u(l) = -l - 1. Let q(f) = f + 19. Let z(m) = -q(m) + 6*u(m). What is the remainder when z(-16) is divided by 22?
21
Let u(r) = 2*r**2 + 93*r + 255. Calculate the remainder when 149 is divided by u(-44).
9
Let k = 192 + -126. Calculate the remainder when k is divided by 34.
32
Let h be 40/(-12)*(-9)/6. Suppose 335 = h*r - 280. What is the remainder when r is divided by 25?
23
Suppose -10*n + 6*n + 219 = h, -n + 3 = 0. What is the remainder when h is divided by 14?
11
Suppose -4*p - 309 = 2*u + u, -2*u + 2*p - 192 = 0. Let n = 3 - -4. Calculate the remainder when 9 + ((-315)/u - 2/11) is divided by n.
5
Suppose -2*t + l = -43, -4*l - 5 - 47 = -3*t. Calculate the remainder when (3 - 2)/(2/138) is divided by t.
21
Suppose -2*r + 2*u + 8 = 0, -u - u = 2*r. Let p(m) = -m + 3*m - 3*m + r. What is the remainder when 9 is divided by p(-2)?
1
Let k(a) = -2*a**3 + 24*a**2 - 25*a + 52. What is the remainder when k(11) is divided by 13?
6
Suppose -9 + 48 = x. Let l(v) = 26*v**2 + 12. Calculate the remainder when l(2) is divided by x.
38
Let p = -1434 + 1458. Calculate the remainder when 429 is divided by p.
21
Suppose x = -2*r - 0*x + 43, -71 = -3*r + 5*x. Suppose r = -l + 90. Let z(p) = 6*p. What is the remainder when l is divided by z(3)?
14
Let l be ((-72)/42)/(4/(-126)). Suppose -4*d + 42 = -l. Suppose 6*q + 3*i - d = 2*q, i = -q + 5. Calculate the remainder when 25 is divided by q.
7
Let v(o) = 5*o - 20. Let w(c) = c - 1. Let i(l) = 2*v(l) - 14*w(l). Calculate the remainder when i(-21) is divided by 20.
18
Suppose 13*s - 462 = -59. What is the remainder when s is divided by 14?
3
Let u(n) = -n**3 + 9*n**2 - 2*n - 19. Calculate the remainder when 55 is divided by u(8).
26
Let i be 8 - (2 + (2 - 3)). Suppose -i = -3*t + 11. Suppose 2*c = t*c - 192. What is the remainder when c is divided by 17?
14
Suppose -59*f - 30 = -61*f. Calculate the remainder when f is divided by 2.
1
Let a(i) = -2*i - 5. Calculate the remainder when 65 is divided by a(-19).
32
Let h(t) = -9*t + 71. Let s(n) = -6*n + 47. Let i(w) = -5*h(w) + 7*s(w). Let q = 51 - -26. What is the remainder when q is divided by i(14)?
13
Suppose -34*h - 53*h + 40281 = 0. Calculate the remainder when h is divided by 118.
109
Let i be 9 + (-4 + 1)/1. Calculate the remainder when 107 is divided by 21/1 - (i/2 - 0).
17
Suppose -b + t + 14 = 0, -34*t + 29*t = 8*b - 164. Calculate the remainder when b is divided by 0/(-2) - (-9 + 2).
4
Let v = -44 - -31. Let w = v - -27. Calculate the remainder when 36 is divided by w.
8
Suppose 5*h + 2*u = 50, 3*u + 0*u - 55 = -5*h. Let j = 45 + -32. Calculate the remainder when (128/h)/(2/3) is divided by j.
11
Suppose 0 = 3*r - 105 - 57. Suppose r = 4*x - 10. What is the remainder when (93/(-9))/(3/(-9)) is divided by x?
15
Suppose 0 = -11*t + 39 + 38. Suppose 36 = 2*l - 0*l. Suppose 36 + l = 2*j. Calculate the remainder when j is divided by t.
6
Let h(j) = j**3 - 2*j**2 - 4. Let o be h(3). Suppose 4*c + 711 = 13*c. What is the remainder when c is divided by 1/o - (-2448)/60?
38
Let a(j) = 2*j**2 - 16*j + 16. Let c = -70 + 37. Let r = -22 - c. What is the remainder when a(r) is divided by 21?
19
Suppose 5*z + 725 + 310 = 0. Let s = z + -84. Calculate the remainder when s/(-27) - 8/(-36) is divided by 6.
5
Let p be 48/(-10)*(-150)/9. Suppose 55 + p = 3*x. What is the remainder when x is divided by 12?
9
Let f = -10 - 10. Let h = f - -23. Suppose h*b - 4*b = -32. What is the remainder when b is divided by 11?
10
Let w(d) = 36*d + 276. Let f = 23 - 10. What is the remainder when w(-7) is divided by f?
11
Suppose 0*k - 2*k = -5*i - 138, 0 = 5*k - 4*i - 345. What is the remainder when ((-8)/(-12))/(2/k) is divided by 4/10 + (-58)/(-5)?
11
Suppose 0 = 2*u + 3*h - 14, -5*u + u = -h - 14. Let l(x) = -x + 7. Let r be l(3). What is the remainder when u is divided by ((-1)/3)/(r/(-36))?
1
Let f(v) = 2*v. Let n be f(5). Suppose 0 = 20*i + 10*i - 60. Suppose y + 8 = 5*p, 4*p = i*y - n - 4. What is the remainder when 32 is divided by y?
15
Let s = -4284 - -4303. Let f = -31 - -60. Calculate the remainder when f is divided by s.
10
Let l(m) = -2*m**2 + 3*m - 5. Let c be l(3). Let i(r) = 2*r**2 - 19*r + 11*r**2 + 11 + r + r**3. What is the remainder when i(c) is divided by 14?
11
Suppose 0 = 4*c - 2*c - 10. Suppose -5*z + 20 = -c. Suppose 2*v - 21 = -3. What is the remainder when v is divided by z?
4
Let y be ((-2076)/(-10))/(30/75). Suppose 0 = 12*b - 441 - y. What is the remainder when b is divided by 12?
8
Let z(v) = v - 1. Let x be z(7). Suppose -x*f = -f - 230. Calculate the remainder when f is divided by (8/3)/(5/15).
6
Calculate the remainder when 167 is divided by -17*5/(-1) - (-63 - -69).
9
Suppose 5*q + 3*g - 13 = 0, -q + 0*q - 5*g = -7. Calculate the remainder when 16 is divided by 88/16 + 1/q.
4
Let o be 4/(-14) - 174/(-21). Suppose -o*g + 288 = -0*g. Calculate the remainder when g is divided by 13.
10
Let j = -18 + 32. Let m = 608 + -512. What is the remainder when m is divided by j?
12
Let b = -83 + 90. Suppose b*h + h = 232. What is the remainder when 82 is divided by h?
24
Let w = 522 + -460. Calculate the remainder when 1114 is divided by w.
60
Calculate the remainder when 798 is divided by 18/99 + 774/99.
6
Suppose p - 17 = 2*y, 0 = p + 4*p + y - 63. Calculate the remainder when 87 is divided by p.
9
Let s(v) = -16*v. Let l be s(-1). Suppose 5*w + 3*h - l = 0, -4*w - 3*h + 4 = -5*h. Let a = -18 - -20. Calculate the remainder when w is divided by a.
0
Suppose -5*d = -34 - 26. What is the remainder when (1 + -5 - -7)/(78/598) is divided by d?
11
Suppose -10*y = -9*y + 18. Let b = y + 36. Calculate the remainder when 64 is divided by b.
10
Suppose -3*o = q - 110, 0 = 3*o - 3*q - 116 + 26. What is the remainder when o is divided by (-338)/(-18) - (-2)/9?
16
Let j be (12/14)/(42/196). Suppose 2*r - j*n - 6 = -0, -2*r + 3*n + 7 = 0. What is the remainder when 32 is divided by r?
2
Suppose -10*j + 14*j + 4 = 0. Calculate the remainder when 105 is divided by (-8 + 5)*1 + (-39)/j.
33
Let s(n) = 4*n - 54. Calculate the remainder when 70 is divided by s(18).
16
Let m be 4/(-1 + 15/13). Suppose 12*w = m + 94. What is the remainder when 39 is divided by w?
9
Suppose 0 = -w - 5*q - 0*q + 91, 4*q + 292 = 3*w. What is the remainder when w is divided by (2 - 0)*8 + -2?
12
Let s = -6 - -14. Let i = s + 16. Let o(n) = -14*n**3 + 2*n + 1. Calculate the remainder when i is divided by o(-1).
11
Let t(n) = -2*n**3 - 8*n**2 - 3*n + 11. Let o be t(-5). Suppose 0 = 4*p - o + 8. Let g = p + -5. Calculate the remainder when 45 is divided by g.
9
Let w(n) = n**3 + 5*n**2 + n - 4. Let h be w(-3). Suppose -2*z = -1 - h. Let x(a) = 3*a + 2. What is the remainder when x(z) is divided by 11?
9
Let s = 86 - 48. Let f = -349 - -517. Let p = f - 95. Calculate the remainder when p is divided by s.
35
Suppose -5*g - 18 = -148. Calculate the remainder when g is divided by (-8*(-7)/(-84))/(4/(-102)).
9
Suppose -o = -56 + 26. Calculate the remainder when 115 is divided by o.
25
Suppose 69*h = 83*h - 196. Calculate the remainder when 67 is divided by h.
11
Suppose -u + 0*u = -3, 0 = -3*j + 5*u - 9. Suppose 0 = -g + j*p + 2 + 14, 5*p = 5*g - 70. Calculate the remainder when 55 is divided by g.
7
Let u be 84/8*(-1 + -3). Let h = 19 + u. Calculate the remainder when 67 is divided by (0 - h)/(-6 - -7).
21
Suppose 0 = -v - 55 + 176. Calculate the remainder when v is divided by 62.
59
Suppose -2*y + 12 = -y.